- 33. Let m be c(h). Let g = 168 + m. What is the units digit of g?
6
Suppose 0 = -i - 4, 47*j - 3*i - 2064 = 44*j. Suppose 31*n = 2*t + 36*n - 1379, 3*n + j = t. What is the hundreds digit of t?
6
Let f(b) = -44*b - 239. Let m(s) = -4*s**2 - 32*s + 10. Let z be m(-9). What is the tens digit of f(z)?
0
Let d(t) = t**2 - 5*t - 12. Let h be d(6). Let o(a) = -a**2 + 8*a - 10. Let u be o(4). What is the hundreds digit of (-2 + (-4)/h)*-14*u?
1
Let p = 3027 - 2134. Suppose -3*q - 4*c = -2679, -5*c = q - 6*c - p. What is the units digit of q?
3
Let d(j) = 9*j**3 + 12*j**2 + 11*j - 35. What is the tens digit of d(7)?
1
Let z = -69 + 73. Suppose 4 = 3*v + z. Suppose q - 168 = w, -3*q = -v*q - 4*w - 508. What is the hundreds digit of q?
1
Suppose -n - 4*n - 4*i = 109, 4*n - 3*i = -112. Let y be (-10)/n - (-653)/5. Suppose -7*b - 47 = -y. What is the tens digit of b?
1
Let n(h) = -3*h - 29. Let t be n(-8). What is the tens digit of -5 + 7/((-35)/(-170)) + t?
2
Let v(r) = -1124*r - 2851. What is the hundreds digit of v(-10)?
3
Let v = -8 + 12. Suppose -7*p = v - 25. Suppose p*h - 181 = 17. What is the units digit of h?
6
Suppose -3*o = -b + 8, 4*o = -5*b - 2 + 4. Let u(s) = 9 - 4*s**2 - 10*s + 0*s**b + 6*s**2 + 1. What is the tens digit of u(8)?
5
Suppose -7272 = -x + 2*o, 3*o = x - 5213 - 2055. What is the thousands digit of x?
7
Suppose -15*i = -2372 - 13843. What is the tens digit of i?
8
Let j(v) be the second derivative of 0 + 1/20*v**5 - 11/2*v**2 + 19*v + 5/6*v**4 + 5/3*v**3. What is the units digit of j(-8)?
7
Suppose b - 16612 = 4*s, 743*b + s = 739*b + 66448. What is the tens digit of b?
1
Suppose -11*u + 40 = -16*u. Let g be 3/(12/(-76)) + 0. Let d = u - g. What is the units digit of d?
1
Suppose -2*f - 7390 = -2*y, 2*y - 7380 = 2*f - 2*y. Let v = -1931 - f. What is the thousands digit of v?
1
Suppose -134*t = -417580 - 474994. What is the units digit of t?
1
Let m = 246 - -536. Let z = m - 511. What is the hundreds digit of z?
2
Let z(c) = c**3 - 8*c**2 + 10*c - 16. Let k be z(7). Suppose k*u = 322 - 2317. What is the tens digit of (-3)/1 + u/(-3)?
3
Let h be 6/(-3) + (0 + 3 - -5). Let j(c) = 11 - 197*c**2 - 9*c + 0*c**3 + 3*c**3 + 185*c**2. What is the tens digit of j(h)?
7
Let y(c) = 38*c - 18. Suppose 47*a + 85 = 226. What is the units digit of y(a)?
6
Suppose -65*g - 2862 = -47*g. Let o = 166 - g. What is the tens digit of o?
2
Let l be 1 + (-10)/2 + (-2 - -3). Let o(g) = -g**3 + 5*g**2 + 14*g - 6. What is the units digit of o(l)?
4
Let c(p) = 10*p**3 - 9*p**2 + 7*p + 10. Let d(n) = -n**2 + 18*n - 51. Let z be d(14). What is the units digit of c(z)?
0
Suppose 11 = 3*l + 2*b, -5*b = l - 0*b - 8. Suppose l*p = -19 + 2125. What is the units digit of p?
2
Let q(o) = o**3 - 2*o**2 + 6*o - 8. Let m be q(2). What is the units digit of 1/((-4)/(m - -12)) - -134?
0
Let j be (96/(-18))/(-4)*12. What is the hundreds digit of (715 - (-1 - 0))*(j + -15)?
7
Suppose 4*o - 11037 = -f, 5*o + 2*f = o + 11034. What is the thousands digit of o?
2
Suppose -119373 = -5*m + 17*u - 30*u, -2*m + 3*u = -47700. What is the tens digit of m?
5
Let o be (27/(-6) + 1)*10*12. Let s be 12/(4/26 + o/(-312)). Suppose -304 = s*i - 1216. What is the hundreds digit of i?
1
Let z be (-2 - 14/(-8)) + 24/96. Suppose -5*u + 1635 = 9*x - 14*x, -u - 4*x + 352 = z. What is the tens digit of u?
3
Suppose 32 = 87*w - 71*w. Suppose 0 = r + 5*l - 514, 984 = w*r - l - 0*l. What is the hundreds digit of r?
4
Let d(b) = -b**3 + 10*b**2 - 33*b - 32. What is the tens digit of d(-9)?
0
Suppose 0 = 3*j - 3*f + 3 - 12, j = -2*f + 6. Suppose -j*x + 2805 = 5*q, -5*q + 3*q - 4*x = -1122. What is the units digit of q?
1
Let v(x) = -36*x - 57. Let b(u) = u**2 - 3*u - 11. Let c be b(4). What is the units digit of v(c)?
5
Suppose 0 = 6*o - 7*o - 2*b - 7, -3*o = -2*b - 11. Suppose 2*k = -o + 27. What is the tens digit of k?
1
Suppose w - 90 = -5*n + 182, -w = -n - 290. Suppose -w*x + 10346 = -273*x. What is the tens digit of x?
3
Let v = 383 - 29. Let j = v - 109. What is the hundreds digit of j?
2
Let f = 20 + -20. Suppose -10*z = -5*o - 12*z + 3480, f = 4*z - 20. What is the hundreds digit of o?
6
Let b be 14/35 - (-1053)/5. Suppose -7*j = -1062 - 1913. Let t = j - b. What is the hundreds digit of t?
2
What is the thousands digit of (-105 + 3)*(7 + 10648/(-33))?
2
Let d(i) = 108*i - 220. Let j = -516 - -528. What is the hundreds digit of d(j)?
0
Let t = -108 - -117. Suppose 2*r + 253 = t. Let p = 114 - r. What is the hundreds digit of p?
2
Let j = -701 - -701. Let v(y) = 2*y**2 + y**2 - y**3 + 166 - 2*y**2 + 2*y**3. What is the hundreds digit of v(j)?
1
Let z = -699 + 667. Let b(m) = -m**3 - 29*m**2 + 42*m + 19. What is the tens digit of b(z)?
4
Let o be (-4)/(-16)*(18 - -2). Suppose 0 = -5*i - 25, 2*i - 192 = -o*f + 3*f. Let p = 114 - f. What is the units digit of p?
3
Let w be (-7 - -5) + 3/((-3)/(-2)). Suppose -3*k = -j + 1, 4 = 2*k + 4*j - w. Suppose -3*a - m + 152 = k, -a = -3*m + 6*m - 56. What is the tens digit of a?
5
Let m(u) = -9*u - 172. Let c be m(4). Let h = c - -1328. What is the thousands digit of h?
1
Let j(c) = -4*c**3 - 11*c**2 - 8*c - 10. Let f(o) = -o**3 + 17*o**2 - 14*o - 24. Let h be f(16). Let g be (-44)/h + 6/4. What is the hundreds digit of j(g)?
1
Let t(z) = -179*z - 34. Suppose 3*j = -9, 6*y = y + 3*j - 6. What is the units digit of t(y)?
3
Let r be ((1 + -1 + -1)*1)/(-1). Let p be r + (-817)/3 - (-4)/(-6). Let b = p - -466. What is the tens digit of b?
9
Let z(q) = 19*q + 165. Let u = 111 - 82. What is the hundreds digit of z(u)?
7
Suppose -t = -5*x - 12434, x = -31*t + 30*t + 12440. What is the hundreds digit of t?
4
Suppose 0 = -3*p - 0*p - 12, l - p = 4560. What is the thousands digit of l?
4
Let u(r) = -4*r**2 + 9*r + 912. Let w(f) = -2*f**2 + 4*f + 455. Let o(t) = -2*u(t) + 5*w(t). What is the tens digit of o(0)?
5
Let n = 664 - 261. Let i = n + -10. What is the hundreds digit of i?
3
Suppose 2*y - 6333 = 4*i + 22171, -71224 = -5*y - 2*i. What is the hundreds digit of y?
2
Let a(r) = -4*r + 2. Let o be a(2). Let c = o + 6. What is the tens digit of 4/(-2 + c) + 41?
3
Let s = -1354 - -859. Let l = s - -827. Suppose -3*t + l + 109 = 0. What is the units digit of t?
7
Let l be (-2175)/(9*10/(-420)). Suppose -7*c + l = -0*c. What is the units digit of c?
0
Let f(k) = -4*k**3 - 201*k**2 + 35*k - 138. What is the thousands digit of f(-51)?
5
Let k = 37 + -35. Suppose 0 = 3*a + 4*z - 126, k*z + 84 + 62 = 4*a. Suppose -3*n + 72 = -2*b, -3*b - b = n - a. What is the units digit of n?
6
Suppose u + 2*s - 198 = 0, 6*s - 2*s = 0. Suppose -u*x = -196*x - 694. What is the tens digit of x?
4
Suppose -2*p - 3*m = -38, -60 = -5*p - 2*m + 35. Let q be (-2)/4*-2*(p + -23). What is the tens digit of ((-45)/q)/(3/40)?
5
Let j(z) = -77*z + 424. Let n be j(5). Suppose -2*x = 4*c - 494, 2*x + 500 = 4*c - 2*x. Let i = c - n. What is the tens digit of i?
8
Let z(g) = -191*g + 443. Let w(q) = -190*q + 441. Let o(p) = 6*w(p) - 7*z(p). What is the tens digit of o(7)?
2
Suppose 6 = 3*b + 9. Let i be 1 - ((-6)/(-3)*b + 2). Suppose 1 = -2*k - i, -4*k - 62 = -y. What is the tens digit of y?
5
Let m = -12 - -24. Let q be 16/m*(-3)/2 + 116. Suppose -3*v - 4*r = -4*v + 20, 0 = -4*v - r + q. What is the tens digit of v?
2
Let c(d) = d**3 - 10*d**2 - 17*d + 28. Let r be c(12). Suppose 277 + r = i. What is the hundreds digit of i?
3
Let u be 5/(-7) + 1 - (-76)/28. What is the units digit of (-517)/(-3) + 1 + u/(-9)?
3
Let p(k) = 2531*k - 21. What is the hundreds digit of p(3)?
5
Suppose 6*t - 28 = -t. Suppose m + t = 2*m. Let r = m + 44. What is the units digit of r?
8
Let n be (-492)/36 + 2/(-6). Let k be 6/n - (-35987)/49. Suppose 8*b + 78 - k = 0. What is the units digit of b?
2
Let l = -4809 - -1389. Let k = -2329 - l. What is the hundreds digit of k?
0
Let p be 90*(-3 - -4)*(-4208)/(-24). What is the hundreds digit of (2 - -5)*p/105?
0
Let l(g) = g**2 + 10*g + 27. Let q be l(-5). What is the tens digit of (1 + -4)*q - -137?
3
Suppose 4*r - 9 = -1, -4*j - 4*r + 8 = 0. Suppose 10*p = -j*p + 8780. What is the units digit of p?
8
What is the tens digit of (2 + 0 + -11)*(-1329 - -36)?
3
Let j be (320 + 6)/((-2)/(-10)). Let i = j - 1063. What is the tens digit of i?
6
Let h(m) = 453*m**2 - 5*m + 4. Let